at is the ten thousands digit of 21079343?
7
What is the hundreds digit of 15526914?
9
What is the thousands digit of 2622619053?
9
What is the tens digit of 62141385?
8
What is the ten thousands digit of 685210537?
1
What is the ten millions digit of 68072724?
6
What is the millions digit of 380745024?
0
What is the ten millions digit of 49060581?
4
What is the thousands digit of 672147610?
7
What is the hundred thousands digit of 57786351?
7
What is the millions digit of 495435945?
5
What is the hundred thousands digit of 68742612?
7
What is the hundreds digit of 1030147057?
0
What is the ten thousands digit of 4471817058?
1
What is the thousands digit of 833082079?
2
What is the tens digit of 1423980451?
5
What is the ten thousands digit of 525525548?
2
What is the hundred millions digit of 944279970?
9
What is the millions digit of 426950958?
6
What is the hundred millions digit of 620129816?
6
What is the thousands digit of 135926951?
6
What is the millions digit of 782486536?
2
What is the units digit of 323473091?
1
What is the thousands digit of 2478981460?
1
What is the units digit of 2230691076?
6
What is the thousands digit of 477162982?
2
What is the ten thousands digit of 6436474?
3
What is the units digit of 102366222?
2
What is the hundreds digit of 4326782560?
5
What is the ten millions digit of 38841189?
3
What is the units digit of 55298664?
4
What is the millions digit of 15866016?
5
What is the units digit of 122813814?
4
What is the hundred millions digit of 1173863679?
1
What is the tens digit of 31308654?
5
What is the tens digit of 912305590?
9
What is the tens digit of 174411834?
3
What is the units digit of 286206346?
6
What is the hundred thousands digit of 664035960?
0
What is the millions digit of 10405443?
0
What is the thousands digit of 19693148?
3
What is the ten thousands digit of 71508011?
0
What is the millions digit of 160392123?
0
What is the ten thousands digit of 20065624?
6
What is the units digit of 55822766?
6
What is the thousands digit of 61580915?
0
What is the hundreds digit of 45506059?
0
What is the ten millions digit of 2034381759?
3
What is the units digit of 120202267?
7
What is the ten millions digit of 25583787?
2
What is the thousands digit of 1064881609?
1
What is the ten millions digit of 65871220?
6
What is the ten millions digit of 36476482?
3
What is the thousands digit of 73271867?
1
What is the hundred millions digit of 1051005666?
0
What is the units digit of 22461863?
3
What is the hundred thousands digit of 199299332?
2
What is the tens digit of 4870682766?
6
What is the hundred millions digit of 356529895?
3
What is the ten thousands digit of 361339484?
3
What is the millions digit of 48974431?
8
What is the hundred thousands digit of 314767723?
7
What is the ten millions digit of 229672763?
2
What is the hundred thousands digit of 346539919?
5
What is the hundred thousands digit of 39331438?
3
What is the thousands digit of 45457673?
7
What is the thousands digit of 1486835446?
5
What is the ten millions digit of 16431076?
1
What is the ten thousands digit of 66191440?
9
What is the ten millions digit of 49269365?
4
What is the tens digit of 14901867?
6
What is the ten thousands digit of 72622514?
2
What is the thousands digit of 261046851?
6
What is the hundred thousands digit of 2746115821?
1
What is the hundred thousands digit of 5237384195?
3
What is the thousands digit of 93500739?
0
What is the thousands digit of 221432754?
2
What is the units digit of 5749017288?
8
What is the ten millions digit of 66966654?
6
What is the billions digit of 1219915674?
1
What is the millions digit of 2484688039?
4
What is the hundred millions digit of 743556559?
7
What is the units digit of 327655406?
6
What is the thousands digit of 65396221?
6
What is the thousands digit of 3935884613?
4
What is the millions digit of 2838193117?
8
What is the tens digit of 99427829?
2
What is the hundred thousands digit of 2510117810?
1
What is the millions digit of 304364444?
4
What is the hundred thousands digit of 326630125?
6
What is the tens digit of 266185338?
3
What is the hundred thousands digit of 29544055?
5
What is the hundreds digit of 36910757?
7
What is the tens digit of 188949969?
6
What is the ten millions digit of 25040818?
2
What is the units digit of 912822558?
8
What is the tens digit of 2013208606?
0
What is the ten millions digit of 90582996?
9
What is the units digit of 2618883973?
3
What is the hundred thousands digit of 21992632?
9
What is the millions digit of 1493135585?
3
What is the hundred thousands digit of 5955069962?
0
What is the ten thousands digit of 7951000958?
0
What is the ten millions digit of 104265464?
0
What is the hundred millions digit of 135313598?
1
What is the ten thousands digit of 5793972?
9
What is the millions digit of 75607215?
5
What is the units digit of 1616720?
0
What is the thousands digit of 717802809?
2
What is the ten millions digit of 338801890?
3
What is the ten millions digit of 55824207?
5
What is the tens digit of 1085770483?
8
What is the hundreds digit of 9774581?
5
What is the thousands digit of 15017270?
7
What is the hundreds digit of 1618956769?
7
What is the ten millions digit of 3141955813?
4
What is the units digit of 34060399?
9
What is the millions digit of 70726380?
0
What is the ten thousands digit of 10353599?
5
What is the hundred millions digit of 4842610437?
8
What is the tens digit of 811394244?
4
What is the hundred thousands digit of 31911450?
9
What is the hundred millions digit of 410158005?
4
What is the hundreds digit of 55034917?
9
What is the hundred thousands digit of 1991347278?
3
What is the hundred thousands digit of 164560773?
5
What is the hundred millions digit of 207992806?
2
What is the units digit of 1005482850?
0
What is the tens digit of 2016108771?
7
What is the hundred thousands digit of 41013084?
0
What is the tens digit of 23993045?
4
What is the millions digit of 76114156?
6
What is the billions digit of 2370169972?
2
What is the thousands digit of 5160987?
0
What is the thousands digit of 5059466426?
6
What is the tens digit of 636883358?
5
What is the tens digit of 47645379?
7
What is the tens digit of 1369580244?
4
What is the ten thousands digit of 35211689?
1
What is the hundred millions digit of 235724185?
2
What is the millions digit of 36651938?
6
What is the hundreds digit of 492223755?
7
What is the hundred millions digit of 4392542474?
3
What is the hundred millions digit of 3049494965?
0
What is the hundreds digit of 1745852174?
1
What is the units digit of 173487727?
7
What is the hundred millions digit of 318300447?
3
What is the hundred millions digit of 127283471?
1
What is the ten millions digit of 72073608?
7
What is the ten thousands digit of 8989717?
8
What is the hundred thousands digit of 313582066?
5
What is the hundreds digit of 1879891193?
1
What is the ten thousands digit of 29311187?
1
What is the ten millions digit of 1231580214?
3
What is the ten millions digit of 98604813?
9
What is the units digit of 17023525?
5
What is the ten thousands digit of 16348823?
4
What is the billions digit of 4884223356?
4
What is the hundred thousands digit of 661931594?
9
What is the hundred millions digit of 101745735?
1
What is the units digit of 65268422?
2
What is the hundreds digit of 735176753?
7
What is the tens digit of 107527155?
5
What is the tens digit of 92379100?
0
What is the ten millions digit of 72369865?
7
What is the hundred millions digit of 308550412?
3
What is the tens digit of 1172684982?
8
What is the hundred millions digit of 1007105590?
0
What is the hundred millions digit of 125541825?
1
What is the hundred millions digit of 168673472?
1
What is the hundreds digit of 77597558?
5
What is the hundreds digit of 2779706168?
1
What is the tens digit of 4973884861?
6
What is the millions digit of 566827407?
6
What is the hundred thousands digit of 60128972?
1
What is the ten millions digit of 292534788?
9
What is the thousands digit of 2187252785?
2
What is the millions digit of 685682668?
5
What is the tens digit of 99053441?
4
What is the tens digit of 345906557?
5
What is the hundred thousands digit of 38840691?
8
What is the thousands digit of 29226000?
6
W